{"id":32,"date":"2023-03-24T06:09:41","date_gmt":"2023-03-24T06:09:41","guid":{"rendered":"https:\/\/demo.sparklewpthemes.com\/constructionlight\/renonvation\/?page_id=32"},"modified":"2024-11-27T15:28:04","modified_gmt":"2024-11-27T14:28:04","slug":"about-us","status":"publish","type":"page","link":"https:\/\/afmi14.com\/www\/about-us\/","title":{"rendered":"Maintenance industrielle"},"content":{"rendered":"\n<div class=\"wp-block-group alignfull is-layout-constrained wp-block-group-is-layout-constrained\">\n<div class=\"wp-block-cover alignfull breadcrumb\" style=\"padding-top:4rem;min-height:20vh;aspect-ratio:unset;\"><span aria-hidden=\"true\" class=\"wp-block-cover__background has-background-dim-20 has-background-dim\"><\/span><img loading=\"lazy\" decoding=\"async\" width=\"1500\" height=\"898\" class=\"wp-block-cover__image-background wp-image-1750\" alt=\"\" src=\"http:\/\/afmi14.com\/www\/wp-content\/uploads\/2023\/06\/4.jpg\" style=\"object-position:50% 31%\" data-object-fit=\"cover\" data-object-position=\"50% 31%\" srcset=\"https:\/\/afmi14.com\/www\/wp-content\/uploads\/2023\/06\/4.jpg 1500w, https:\/\/afmi14.com\/www\/wp-content\/uploads\/2023\/06\/4-300x180.jpg 300w, https:\/\/afmi14.com\/www\/wp-content\/uploads\/2023\/06\/4-1024x613.jpg 1024w, https:\/\/afmi14.com\/www\/wp-content\/uploads\/2023\/06\/4-768x460.jpg 768w\" sizes=\"auto, (max-width: 1500px) 100vw, 1500px\" \/><div class=\"wp-block-cover__inner-container is-layout-flow wp-block-cover-is-layout-flow\">\n<div class=\"wp-block-group is-layout-constrained wp-container-core-group-is-layout-19e250f3 wp-block-group-is-layout-constrained\">\n<div class=\"wp-block-group alignwide is-layout-constrained wp-container-core-group-is-layout-92b9201d wp-block-group-is-layout-constrained\">\n<h2 class=\"wp-block-heading alignwide perso-van has-background-color has-text-color has-extra-huge-font-size\">Maintenance industrielle<\/h2>\n\n\n\n<div class=\"wp-block-group alignwide is-nowrap is-layout-flex wp-container-core-group-is-layout-4b0a85f0 wp-block-group-is-layout-flex\">\n<p class=\"has-background-color has-text-color has-medium-font-size\" style=\"font-style:normal;font-weight:600\">Accueil<\/p>\n\n\n\n<p class=\"has-background-color has-text-color has-medium-font-size\">\/ Savoir faire \/<\/p>\n\n\n\n<p class=\"has-text-color has-medium-font-size\" style=\"color:#d1d1d1\">Maintenance industrielle<\/p>\n<\/div>\n<\/div>\n<\/div>\n<\/div><\/div>\n<\/div>\n\n\n\n<div class=\"wp-block-group alignfull has-background-background-color has-background is-layout-constrained wp-container-core-group-is-layout-f7be663e wp-block-group-is-layout-constrained\" id=\"about\" style=\"border-style:none;border-width:0px;padding-top:0px;padding-right:0;padding-bottom:0px;padding-left:0\">\n<div class=\"wp-block-cover alignfull is-light\" style=\"padding-right:0;padding-bottom:0;padding-left:0\"><span aria-hidden=\"true\" class=\"wp-block-cover__background has-background-dim-0 has-background-dim\"><\/span><div class=\"wp-block-cover__inner-container is-layout-flow wp-block-cover-is-layout-flow\">\n<div class=\"wp-block-group is-layout-constrained wp-container-core-group-is-layout-88a89941 wp-block-group-is-layout-constrained\" style=\"padding-top:80px;padding-right:var(--wp--preset--spacing--30);padding-bottom:0px;padding-left:var(--wp--preset--spacing--30)\">\n<div class=\"wp-block-columns alignwide is-layout-flex wp-container-core-columns-is-layout-731cc08c wp-block-columns-is-layout-flex\">\n<div class=\"wp-block-column is-layout-flow wp-block-column-is-layout-flow\">\n<div class=\"wp-block-group is-layout-constrained wp-container-core-group-is-layout-bdcbbb17 wp-block-group-is-layout-constrained\">\n<div class=\"wp-block-group is-layout-constrained wp-container-core-group-is-layout-19e250f3 wp-block-group-is-layout-constrained\">\n<h2 class=\"wp-block-heading has-secondary-color has-text-color has-poppins-font-family\" style=\"font-size:17.6px;font-style:normal;font-weight:400;line-height:1.8\"><\/h2>\n\n\n\n<h2 class=\"wp-block-heading has-foreground-color has-text-color has-slider-title-font-size\" style=\"font-style:normal;font-weight:500;line-height:1.2\">Maintenance des \u00e9quipements <strong>industriels et m\u00e9caniques <\/strong><\/h2>\n<\/div>\n\n\n\n<div class=\"wp-block-group is-layout-constrained wp-container-core-group-is-layout-19e250f3 wp-block-group-is-layout-constrained\">\n<p>Dans le cadre des actions pr\u00e9ventives, nous v\u00e9rifions, contr\u00f4lons et r\u00e9parons vos installations afin d\u2019\u00e9viter qu\u2019elles tombent en panne. Nous pouvons \u00e9galement corriger les probl\u00e8mes, suite \u00e0 un probl\u00e8me pr\u00e9cis. Nous saurons remettre en marche vos machines, en appliquant les techniques ad\u00e9quates (du simple r\u00e9glage au changement d\u2019\u00e9l\u00e9ments d\u00e9fectueux). Pour les pi\u00e8ces de rechange difficiles \u00e0 trouver, nous proposons la solution \u00ab usinage m\u00e9canique \u00bb \u00e0 l\u2019unit\u00e9, en petite ou en moyenne s\u00e9rie.<\/p>\n<\/div>\n\n\n\n<div class=\"wp-block-group is-layout-constrained wp-block-group-is-layout-constrained\">\n<div class=\"wp-block-columns is-layout-flex wp-container-core-columns-is-layout-28f84493 wp-block-columns-is-layout-flex\">\n<div class=\"wp-block-column is-layout-flow wp-block-column-is-layout-flow\">\n<div class=\"wp-block-group is-layout-constrained wp-container-core-group-is-layout-29c79c94 wp-block-group-is-layout-constrained\" style=\"border-style:none;border-width:0px\">\n<figure class=\"wp-block-image size-full\"><img decoding=\"async\" src=\"http:\/\/afmi14.com\/www\/wp-content\/uploads\/2023\/06\/reparation-industrielle-1.jpeg\" alt=\"\" class=\"wp-image-1749\"\/><\/figure>\n<\/div>\n\n\n\n<p>Les pi\u00e8ces \u00e0 fabriquer sur mesure sont con\u00e7ues de A \u00e0 Z dans notre atelier \u00e0 Falaise<\/p>\n<\/div>\n\n\n\n<div class=\"wp-block-column is-vertically-aligned-center is-layout-flow wp-block-column-is-layout-flow\">\n<div class=\"wp-block-group is-layout-constrained wp-block-group-is-layout-constrained\">\n<p class=\"has-text-align-left has-foreground-color has-text-color has-poppins-font-family has-medium-font-size\" style=\"font-style:normal;font-weight:300\">Artisans, PME de tous les secteurs d\u2019activit\u00e9 et grands industriels, vous avez une unit\u00e9 de production \u00e0 l\u2019arr\u00eat ? Sollicitez notre intervention, pour une remise en marche dans les plus brefs d\u00e9lais. Nous r\u00e9parons vos machines dans le total respect des instructions d\u2019intervention en cas de panne. Nous travaillons m\u00eame sur des installations prototypes, et nous chargeons de tout, du simple r\u00e9glage au changement d\u2019\u00e9l\u00e9ments d\u00e9fectueux. Nous sommes aussi fabricants de pi\u00e8ces sur mesure (par usinage m\u00e9canique).<\/p>\n<\/div>\n<\/div>\n<\/div>\n<\/div>\n<\/div>\n<\/div>\n\n\n\n<div class=\"wp-block-column is-vertically-aligned-bottom is-layout-flow wp-block-column-is-layout-flow\" style=\"flex-basis:45%\">\n<div class=\"wp-block-group wrap is-layout-constrained wp-block-group-is-layout-constrained\">\n<figure class=\"wp-block-image size-full is-resized\"><img loading=\"lazy\" decoding=\"async\" width=\"745\" height=\"1123\" src=\"https:\/\/afmi14.com\/www\/wp-content\/uploads\/2024\/11\/e.png\" alt=\"\" class=\"wp-image-2045\" style=\"width:482px;height:auto\" srcset=\"https:\/\/afmi14.com\/www\/wp-content\/uploads\/2024\/11\/e.png 745w, https:\/\/afmi14.com\/www\/wp-content\/uploads\/2024\/11\/e-199x300.png 199w, https:\/\/afmi14.com\/www\/wp-content\/uploads\/2024\/11\/e-679x1024.png 679w, https:\/\/afmi14.com\/www\/wp-content\/uploads\/2024\/11\/e-50x75.png 50w\" sizes=\"auto, (max-width: 745px) 100vw, 745px\" \/><\/figure>\n<\/div>\n<\/div>\n<\/div>\n<\/div>\n<\/div><\/div>\n<\/div>\n\n\n\n<p><\/p>\n","protected":false},"excerpt":{"rendered":"","protected":false},"author":1,"featured_media":0,"parent":0,"menu_order":0,"comment_status":"closed","ping_status":"closed","template":"template-pagebuilder.php","meta":{"footnotes":""},"class_list":["post-32","page","type-page","status-publish","hentry"],"_links":{"self":[{"href":"https:\/\/afmi14.com\/www\/wp-json\/wp\/v2\/pages\/32","targetHints":{"allow":["GET"]}}],"collection":[{"href":"https:\/\/afmi14.com\/www\/wp-json\/wp\/v2\/pages"}],"about":[{"href":"https:\/\/afmi14.com\/www\/wp-json\/wp\/v2\/types\/page"}],"author":[{"embeddable":true,"href":"https:\/\/afmi14.com\/www\/wp-json\/wp\/v2\/users\/1"}],"replies":[{"embeddable":true,"href":"https:\/\/afmi14.com\/www\/wp-json\/wp\/v2\/comments?post=32"}],"version-history":[{"count":10,"href":"https:\/\/afmi14.com\/www\/wp-json\/wp\/v2\/pages\/32\/revisions"}],"predecessor-version":[{"id":2046,"href":"https:\/\/afmi14.com\/www\/wp-json\/wp\/v2\/pages\/32\/revisions\/2046"}],"wp:attachment":[{"href":"https:\/\/afmi14.com\/www\/wp-json\/wp\/v2\/media?parent=32"}],"curies":[{"name":"wp","href":"https:\/\/api.w.org\/{rel}","templated":true}]}}